[INFO] cloning repository https://github.com/Gelbpunkt/zangy
[INFO] running `Command { std: "git" "-c" "credential.helper=" "-c" "credential.helper=/workspace/cargo-home/bin/git-credential-null" "clone" "--bare" "https://github.com/Gelbpunkt/zangy" "/workspace/cache/git-repos/https%3A%2F%2Fgithub.com%2FGelbpunkt%2Fzangy", kill_on_drop: false }`
[INFO] [stderr] Cloning into bare repository '/workspace/cache/git-repos/https%3A%2F%2Fgithub.com%2FGelbpunkt%2Fzangy'...
[INFO] running `Command { std: "git" "rev-parse" "HEAD", kill_on_drop: false }`
[INFO] [stdout] 838b3ab24bc68a79eb16731ae8b42e42c74ad54f
[INFO] checking Gelbpunkt/zangy against try#72f88fc4e9458f89516a0b8b0868f3718aec5b47 for pr-74989
[INFO] running `Command { std: "git" "clone" "/workspace/cache/git-repos/https%3A%2F%2Fgithub.com%2FGelbpunkt%2Fzangy" "/workspace/builds/worker-12/source", kill_on_drop: false }`
[INFO] [stderr] Cloning into '/workspace/builds/worker-12/source'...
[INFO] [stderr] done.
[INFO] validating manifest of git repo https://github.com/Gelbpunkt/zangy on toolchain 72f88fc4e9458f89516a0b8b0868f3718aec5b47
[INFO] running `Command { std: "/workspace/cargo-home/bin/cargo" "+72f88fc4e9458f89516a0b8b0868f3718aec5b47" "read-manifest" "--manifest-path" "Cargo.toml", kill_on_drop: false }`
[INFO] removed /workspace/builds/worker-12/source/.cargo/config
[INFO] started tweaking git repo https://github.com/Gelbpunkt/zangy
[INFO] finished tweaking git repo https://github.com/Gelbpunkt/zangy
[INFO] tweaked toml for git repo https://github.com/Gelbpunkt/zangy written to /workspace/builds/worker-12/source/Cargo.toml
[INFO] crate git repo https://github.com/Gelbpunkt/zangy already has a lockfile, it will not be regenerated
[INFO] running `Command { std: "/workspace/cargo-home/bin/cargo" "+72f88fc4e9458f89516a0b8b0868f3718aec5b47" "fetch" "--locked" "--manifest-path" "Cargo.toml", kill_on_drop: false }`
[INFO] [stderr]     Updating git repository `https://github.com/khuey/bb8`
[INFO] [stderr]  Downloading crates ...
[INFO] [stderr]   Downloaded atomic-waker v1.0.0
[INFO] [stderr]   Downloaded concurrent-queue v1.2.2
[INFO] [stderr]   Downloaded event-listener v2.3.3
[INFO] [stderr]   Downloaded cache-padded v1.1.1
[INFO] [stderr]   Downloaded async-executor v0.1.2
[INFO] [stderr]   Downloaded indoc v0.3.6
[INFO] [stderr]   Downloaded indoc-impl v0.3.6
[INFO] [stderr]   Downloaded inventory-impl v0.1.8
[INFO] [stderr]   Downloaded inventory v0.1.8
[INFO] [stderr]   Downloaded pyo3 v0.11.1
[INFO] [stderr]   Downloaded unindent v0.1.6
[INFO] [stderr]   Downloaded async-mutex v1.1.5
[INFO] [stderr]   Downloaded pyo3-derive-backend v0.11.1
[INFO] [stderr]   Downloaded combine v4.2.1
[INFO] [stderr]   Downloaded pyo3cls v0.11.1
[INFO] [stderr]   Downloaded multitask v0.2.0
[INFO] [stderr]   Downloaded parking v1.0.6
[INFO] [stderr]   Downloaded polling v0.1.5
[INFO] [stderr]   Downloaded vec-arena v0.5.0
[INFO] [stderr]   Downloaded wepoll-sys-stjepang v1.0.6
[INFO] [stderr]   Downloaded async-io v0.1.11
[INFO] [stderr]   Downloaded libc v0.2.74
[INFO] [stderr]   Downloaded redis v0.17.0
[INFO] [stderr]   Downloaded async-trait v0.1.37
[INFO] [stderr]   Downloaded futures-lite v0.1.11
[INFO] [stderr]   Downloaded async-std v1.6.3
[INFO] [stderr]   Downloaded async-channel v1.4.0
[INFO] [stderr]   Downloaded blocking v0.5.1
[INFO] [stderr]   Downloaded fastrand v1.3.4
[INFO] [stderr]   Downloaded parking v2.0.0
[INFO] [stderr]   Downloaded waker-fn v1.0.0
[INFO] [stderr]   Downloaded kv-log-macro v1.0.7
[INFO] running `Command { std: "docker" "create" "-v" "/var/lib/crater-agent-workspace/builds/worker-12/target:/opt/rustwide/target:rw,Z" "-v" "/var/lib/crater-agent-workspace/builds/worker-12/source:/opt/rustwide/workdir:ro,Z" "-v" "/var/lib/crater-agent-workspace/cargo-home:/opt/rustwide/cargo-home:ro,Z" "-v" "/var/lib/crater-agent-workspace/rustup-home:/opt/rustwide/rustup-home:ro,Z" "-e" "SOURCE_DIR=/opt/rustwide/workdir" "-e" "CARGO_TARGET_DIR=/opt/rustwide/target" "-e" "CARGO_HOME=/opt/rustwide/cargo-home" "-e" "RUSTUP_HOME=/opt/rustwide/rustup-home" "-w" "/opt/rustwide/workdir" "-m" "1610612736" "--user" "0:0" "--network" "none" "rustops/crates-build-env@sha256:d92eaeed33fa75130ca1ee6c8a01d1ffb62bac859dfdfb3450e3e5d1c0146529" "/opt/rustwide/cargo-home/bin/cargo" "+72f88fc4e9458f89516a0b8b0868f3718aec5b47" "metadata" "--no-deps" "--format-version=1", kill_on_drop: false }`
[INFO] [stdout] ba0add5dda493af48b7a41ce383ea3fbdbbed98d9b8925756c682e6ef84e41fc
[INFO] [stderr] WARNING: Your kernel does not support swap limit capabilities or the cgroup is not mounted. Memory limited without swap.
[INFO] running `Command { std: "docker" "start" "-a" "ba0add5dda493af48b7a41ce383ea3fbdbbed98d9b8925756c682e6ef84e41fc", kill_on_drop: false }`
[INFO] running `Command { std: "docker" "inspect" "ba0add5dda493af48b7a41ce383ea3fbdbbed98d9b8925756c682e6ef84e41fc", kill_on_drop: false }`
[INFO] running `Command { std: "docker" "rm" "-f" "ba0add5dda493af48b7a41ce383ea3fbdbbed98d9b8925756c682e6ef84e41fc", kill_on_drop: false }`
[INFO] [stdout] ba0add5dda493af48b7a41ce383ea3fbdbbed98d9b8925756c682e6ef84e41fc
[INFO] running `Command { std: "docker" "create" "-v" "/var/lib/crater-agent-workspace/builds/worker-12/target:/opt/rustwide/target:rw,Z" "-v" "/var/lib/crater-agent-workspace/builds/worker-12/source:/opt/rustwide/workdir:ro,Z" "-v" "/var/lib/crater-agent-workspace/cargo-home:/opt/rustwide/cargo-home:ro,Z" "-v" "/var/lib/crater-agent-workspace/rustup-home:/opt/rustwide/rustup-home:ro,Z" "-e" "SOURCE_DIR=/opt/rustwide/workdir" "-e" "CARGO_TARGET_DIR=/opt/rustwide/target" "-e" "CARGO_INCREMENTAL=0" "-e" "RUST_BACKTRACE=full" "-e" "RUSTFLAGS=--cap-lints=forbid" "-e" "CARGO_HOME=/opt/rustwide/cargo-home" "-e" "RUSTUP_HOME=/opt/rustwide/rustup-home" "-w" "/opt/rustwide/workdir" "-m" "1610612736" "--user" "0:0" "--network" "none" "rustops/crates-build-env@sha256:d92eaeed33fa75130ca1ee6c8a01d1ffb62bac859dfdfb3450e3e5d1c0146529" "/opt/rustwide/cargo-home/bin/cargo" "+72f88fc4e9458f89516a0b8b0868f3718aec5b47" "check" "--frozen" "--all" "--all-targets" "--message-format=json", kill_on_drop: false }`
[INFO] [stderr] WARNING: Your kernel does not support swap limit capabilities or the cgroup is not mounted. Memory limited without swap.
[INFO] [stdout] 7632bc24b53dd001a73554d753a51c6b045d3daddbb175ceb8b69600b8db6454
[INFO] running `Command { std: "docker" "start" "-a" "7632bc24b53dd001a73554d753a51c6b045d3daddbb175ceb8b69600b8db6454", kill_on_drop: false }`
[INFO] [stderr]    Compiling unicode-xid v0.2.1
[INFO] [stderr]     Checking cfg-if v0.1.10
[INFO] [stderr]     Checking futures-core v0.3.5
[INFO] [stderr]    Compiling log v0.4.11
[INFO] [stderr]     Checking futures-io v0.3.5
[INFO] [stderr]     Checking slab v0.4.2
[INFO] [stderr]     Checking pin-project-lite v0.1.7
[INFO] [stderr]     Checking futures-sink v0.3.5
[INFO] [stderr]     Checking cache-padded v1.1.1
[INFO] [stderr]    Compiling proc-macro-nested v0.1.6
[INFO] [stderr]     Checking pin-utils v0.1.0
[INFO] [stderr]     Checking fastrand v1.3.4
[INFO] [stderr]     Checking lazy_static v1.4.0
[INFO] [stderr]     Checking waker-fn v1.0.0
[INFO] [stderr]    Compiling autocfg v1.0.0
[INFO] [stderr]     Checking bytes v0.5.6
[INFO] [stderr]     Checking fnv v1.0.7
[INFO] [stderr]     Checking async-task v3.0.0
[INFO] [stderr]     Checking matches v0.1.8
[INFO] [stderr]     Checking tinyvec v0.3.3
[INFO] [stderr]     Checking scopeguard v1.1.0
[INFO] [stderr]    Compiling inventory v0.1.8
[INFO] [stderr]     Checking parking v1.0.6
[INFO] [stderr]     Checking atomic-waker v1.0.0
[INFO] [stderr]    Compiling pyo3 v0.11.1
[INFO] [stderr]     Checking percent-encoding v2.1.0
[INFO] [stderr]     Checking dtoa v0.4.6
[INFO] [stderr]     Checking itoa v0.4.6
[INFO] [stderr]    Compiling paste-impl v0.1.18
[INFO] [stderr]     Checking concurrent-queue v1.2.2
[INFO] [stderr]     Checking futures-channel v0.3.5
[INFO] [stderr]     Checking unicode-bidi v0.3.4
[INFO] [stderr]     Checking lock_api v0.4.1
[INFO] [stderr]    Compiling proc-macro2 v1.0.19
[INFO] [stderr]     Checking net2 v0.2.34
[INFO] [stderr]     Checking socket2 v0.3.12
[INFO] [stderr]     Checking polling v0.1.5
[INFO] [stderr]     Checking parking_lot_core v0.8.0
[INFO] [stderr]     Checking futures-lite v0.1.11
[INFO] [stderr]     Checking unicode-normalization v0.1.13
[INFO] [stderr]     Checking async-channel v1.4.0
[INFO] [stderr]     Checking multitask v0.2.0
[INFO] [stderr]     Checking parking_lot v0.11.0
[INFO] [stderr]    Compiling crossbeam-utils v0.7.2
[INFO] [stderr]    Compiling quote v1.0.7
[INFO] [stderr]     Checking mio v0.6.22
[INFO] [stderr]     Checking kv-log-macro v1.0.7
[INFO] [stderr]     Checking async-io v0.1.11
[INFO] [stderr]     Checking blocking v0.5.1
[INFO] [stderr]     Checking paste v0.1.18
[INFO] [stderr]    Compiling syn v1.0.38
[INFO] [stderr]     Checking async-executor v0.1.2
[INFO] [stderr]     Checking idna v0.2.0
[INFO] [stderr]     Checking mio-uds v0.6.8
[INFO] [stderr]     Checking async-std v1.6.3
[INFO] [stderr]     Checking tokio v0.2.22
[INFO] [stderr]     Checking url v2.1.1
[INFO] [stderr]     Checking tokio-util v0.3.1
[INFO] [stderr]    Compiling pyo3-derive-backend v0.11.1
[INFO] [stderr]    Compiling pin-project-internal v0.4.23
[INFO] [stderr]    Compiling futures-macro v0.3.5
[INFO] [stderr]    Compiling inventory-impl v0.1.8
[INFO] [stderr]    Compiling ghost v0.1.2
[INFO] [stderr]    Compiling indoc-impl v0.3.6
[INFO] [stderr]    Compiling async-trait v0.1.37
[INFO] [stderr]    Compiling ctor v0.1.15
[INFO] [stderr]     Checking indoc v0.3.6
[INFO] [stderr]    Compiling pyo3cls v0.11.1
[INFO] [stderr]     Checking pin-project v0.4.23
[INFO] [stderr]     Checking futures-util v0.3.5
[INFO] [stderr]     Checking futures-executor v0.3.5
[INFO] [stderr]     Checking combine v4.2.1
[INFO] [stderr]     Checking futures v0.3.5
[INFO] [stderr]     Checking bb8 v0.4.2 (https://github.com/khuey/bb8#3f958b19)
[INFO] [stderr]     Checking redis v0.17.0
[INFO] [stderr]     Checking zangy v0.1.0-dev (/opt/rustwide/workdir)
[INFO] [stdout] error[E0597]: `p` does not live long enough
[INFO] [stdout]   --> src/pool.rs:80:67
[INFO] [stdout]    |
[INFO] [stdout] 80 |                     let inst: PyObject = ConnectionPool { __pool: &p }.into_py(py);
[INFO] [stdout]    |                                                                   ^^
[INFO] [stdout]    |                                                                   |
[INFO] [stdout]    |                                                                   borrowed value does not live long enough
[INFO] [stdout]    |                                                                   requires that `p` is borrowed for `'static`
[INFO] [stdout] ...
[INFO] [stdout] 85 |                 }
[INFO] [stdout]    |                 - `p` dropped here while still borrowed
[INFO] [stdout] 
[INFO] [stdout] 
[INFO] [stdout] error[E0597]: `pool` does not live long enough
[INFO] [stdout]    --> src/pool.rs:115:19
[INFO] [stdout]     |
[INFO] [stdout] 115 |             match pool.get().await {
[INFO] [stdout]     |                   ^^^^------
[INFO] [stdout]     |                   |
[INFO] [stdout]     |                   borrowed value does not live long enough
[INFO] [stdout]     |                   argument requires that `pool` is borrowed for `'static`
[INFO] [stdout] ...
[INFO] [stdout] 135 |         });
[INFO] [stdout]     |         - `pool` dropped here while still borrowed
[INFO] [stdout] 
[INFO] [stdout] 
[INFO] [stdout] error: aborting due to 2 previous errors
[INFO] [stdout] 
[INFO] [stdout] 
[INFO] [stdout] For more information about this error, try `rustc --explain E0597`.
[INFO] [stdout] 
[INFO] [stdout] error[E0597]: `p` does not live long enough
[INFO] [stdout]   --> src/pool.rs:80:67
[INFO] [stdout]    |
[INFO] [stdout] 80 |                     let inst: PyObject = ConnectionPool { __pool: &p }.into_py(py);
[INFO] [stdout]    |                                                                   ^^
[INFO] [stdout]    |                                                                   |
[INFO] [stdout]    |                                                                   borrowed value does not live long enough
[INFO] [stdout]    |                                                                   requires that `p` is borrowed for `'static`
[INFO] [stdout] ...
[INFO] [stdout] 85 |                 }
[INFO] [stdout]    |                 - `p` dropped here while still borrowed
[INFO] [stdout] 
[INFO] [stdout] 
[INFO] [stdout] error[E0597]: `pool` does not live long enough
[INFO] [stdout]    --> src/pool.rs:115:19
[INFO] [stdout]     |
[INFO] [stdout] 115 |             match pool.get().await {
[INFO] [stdout]     |                   ^^^^------
[INFO] [stdout]     |                   |
[INFO] [stdout]     |                   borrowed value does not live long enough
[INFO] [stdout]     |                   argument requires that `pool` is borrowed for `'static`
[INFO] [stdout] ...
[INFO] [stdout] 135 |         });
[INFO] [stdout]     |         - `pool` dropped here while still borrowed
[INFO] [stdout] 
[INFO] [stdout] 
[INFO] [stderr] error: could not compile `zangy`.
[INFO] [stderr] 
[INFO] [stderr] To learn more, run the command again with --verbose.
[INFO] [stderr] warning: build failed, waiting for other jobs to finish...
[INFO] [stdout] error: aborting due to 2 previous errors
[INFO] [stdout] 
[INFO] [stdout] 
[INFO] [stdout] For more information about this error, try `rustc --explain E0597`.
[INFO] [stdout] 
[INFO] [stderr] error: build failed
[INFO] running `Command { std: "docker" "inspect" "7632bc24b53dd001a73554d753a51c6b045d3daddbb175ceb8b69600b8db6454", kill_on_drop: false }`
[INFO] running `Command { std: "docker" "rm" "-f" "7632bc24b53dd001a73554d753a51c6b045d3daddbb175ceb8b69600b8db6454", kill_on_drop: false }`
[INFO] [stdout] 7632bc24b53dd001a73554d753a51c6b045d3daddbb175ceb8b69600b8db6454
